re the prime factors of 9558982?
2, 4779491
What are the prime factors of 298601638?
2, 127, 137, 8581
What are the prime factors of 404385023?
7, 57769289
List the prime factors of 127258618.
2, 19, 53, 179, 353
List the prime factors of 33281469.
3, 13, 94819
List the prime factors of 43323029.
673, 64373
List the prime factors of 240779105.
5, 7, 71, 96893
What are the prime factors of 463829068?
2, 31, 3740557
List the prime factors of 4993603624.
2, 624200453
List the prime factors of 3134229072.
2, 3, 13, 17, 295459
What are the prime factors of 729860984?
2, 19, 4801717
What are the prime factors of 2155407625?
5, 7, 23, 107101
What are the prime factors of 87063988?
2, 11, 1978727
List the prime factors of 880156205.
5, 9929, 17729
List the prime factors of 578122378.
2, 289061189
List the prime factors of 64735920.
2, 3, 5, 47, 1913
List the prime factors of 12058082.
2, 6029041
List the prime factors of 22381905.
3, 5, 7, 13, 19, 863
What are the prime factors of 346376575?
5, 149, 92987
What are the prime factors of 923188373?
923188373
What are the prime factors of 716586390?
2, 3, 5, 13, 23, 31, 859
What are the prime factors of 331807419?
3, 36867491
What are the prime factors of 583168868?
2, 145792217
List the prime factors of 241038219.
3, 80346073
List the prime factors of 30325479.
3, 61, 165713
List the prime factors of 1571917974.
2, 3, 11, 23816939
What are the prime factors of 410359973?
53, 7742641
What are the prime factors of 34994890?
2, 5, 7, 499927
List the prime factors of 58779373.
2131, 27583
What are the prime factors of 2496767530?
2, 5, 23, 2503, 4337
What are the prime factors of 338100883?
41, 8246363
What are the prime factors of 2614849809?
3, 11, 13, 547, 1013
List the prime factors of 479208100.
2, 5, 7, 503, 1361
What are the prime factors of 62160736?
2, 11, 137, 1289
What are the prime factors of 2610912981?
3, 1129, 770863
List the prime factors of 251006154.
2, 3, 7, 5976337
What are the prime factors of 94318251?
3, 31439417
What are the prime factors of 9681507?
3, 11, 19, 5147
List the prime factors of 409893675.
3, 5, 5465249
What are the prime factors of 676967734?
2, 2029, 166823
List the prime factors of 1374561675.
3, 5, 523, 11681
What are the prime factors of 6116754?
2, 3, 7, 145637
What are the prime factors of 225674991?
3, 71, 39241
List the prime factors of 775432721.
7, 110776103
What are the prime factors of 322665004?
2, 80666251
List the prime factors of 1328702211.
3, 41, 347, 1153
List the prime factors of 91598419.
11, 8327129
List the prime factors of 234238500.
2, 3, 5, 17351
List the prime factors of 32925053.
7, 4703579
What are the prime factors of 47921182?
2, 23960591
What are the prime factors of 56309392?
2, 31, 107, 1061
What are the prime factors of 690301632?
2, 3, 113, 31817
List the prime factors of 2020126129.
7, 31, 41, 47, 4831
What are the prime factors of 59359828?
2, 11, 1349087
List the prime factors of 1208140471.
241, 599, 8369
List the prime factors of 1553677615.
5, 7, 73, 97, 6269
What are the prime factors of 4834748547?
3, 179064761
What are the prime factors of 4612636231?
7, 17, 2280097
What are the prime factors of 230392716?
2, 3, 101, 190093
What are the prime factors of 77988373?
77988373
What are the prime factors of 1600007872?
2, 37, 139, 4861
What are the prime factors of 25392874?
2, 13, 23, 42463
List the prime factors of 134275956.
2, 3, 619, 18077
List the prime factors of 621705148.
2, 1489, 104383
List the prime factors of 65023297.
65023297
List the prime factors of 1158382543.
521, 2223383
List the prime factors of 520859032.
2, 1699, 38321
What are the prime factors of 25290238?
2, 1097, 11527
List the prime factors of 2705660719.
479, 5648561
List the prime factors of 1385898964.
2, 47, 7371803
List the prime factors of 95789861.
95789861
List the prime factors of 20399381.
2903, 7027
List the prime factors of 246094787.
7459, 32993
What are the prime factors of 78720271?
7, 83, 157, 863
List the prime factors of 5059127.
47, 107641
List the prime factors of 1605402445.
5, 29, 11071741
List the prime factors of 4641741896.
2, 11, 52747067
List the prime factors of 71930714.
2, 193, 307, 607
What are the prime factors of 47029742?
2, 23514871
List the prime factors of 71957857.
61, 1179637
List the prime factors of 1678608092.
2, 7, 2111, 4057
List the prime factors of 1760749307.
107, 283, 58147
What are the prime factors of 585403553?
7, 83629079
What are the prime factors of 389663386?
2, 7, 349, 11393
List the prime factors of 2083713.
3, 694571
What are the prime factors of 1284383006?
2, 47, 307, 44507
What are the prime factors of 669550385?
5, 7, 19130011
List the prime factors of 204493252.
2, 51123313
List the prime factors of 115744828.
2, 83, 348629
What are the prime factors of 199918813?
149, 1341737
List the prime factors of 925110109.
7, 11, 691, 17387
List the prime factors of 635880708.
2, 3, 257, 68729
What are the prime factors of 517972069?
7103, 72923
List the prime factors of 231753043.
231753043
What are the prime factors of 1750967632?
2, 17, 941, 6841
What are the prime factors of 149576129?
149576129
What are the prime factors of 311625050?
2, 5, 11, 241, 2351
What are the prime factors of 975183550?
2, 5, 11, 19, 93319
List the prime factors of 58092508.
2, 2281, 6367
What are the prime factors of 1230113209?
13, 23, 1429, 2879
What are the prime factors of 81453086?
2, 11, 13, 17, 1523
What are the prime factors of 42428862?
2, 3, 7, 19, 37, 479
What are the prime factors of 52504761?
3, 29, 603503
What are the prime factors of 53738009?
13, 4133693
List the prime factors of 27113157.
3, 53, 18947
List the prime factors of 227730530.
2, 5, 89, 255877
What are the prime factors of 726469495?
5, 1753, 82883
List the prime factors of 1169383290.
2, 3, 5, 131, 149, 1997
What are the prime factors of 1465585730?
2, 5, 7, 347, 60337
What are the prime factors of 254766044?
2, 13, 29, 168943
List the prime factors of 91459597.
19, 37, 130099
What are the prime factors of 1425628060?
2, 5, 71281403
List the prime factors of 375277732.
2, 93819433
List the prime factors of 69205517.
109, 179, 3547
What are the prime factors of 41128753?
211, 421, 463
What are the prime factors of 6523085?
5, 101, 12917
What are the prime factors of 63997554?
2, 3, 17, 71, 8837
What are the prime factors of 3517511273?
3517511273
What are the prime factors of 125320169?
13, 23, 61, 6871
What are the prime factors of 32086047?
3, 7, 443, 3449
What are the prime factors of 994970023?
994970023
List the prime factors of 133330310.
2, 5, 23, 661, 877
What are the prime factors of 479280027?
3, 283, 564523
What are the prime factors of 567345181?
13, 43641937
What are the prime factors of 3822228230?
2, 5, 382222823
What are the prime factors of 707007780?
2, 3, 5, 97, 40493
List the prime factors of 279984421.
353, 727, 1091
What are the prime factors of 294029781?
3, 98009927
List the prime factors of 2982185514.
2, 3, 7, 11, 283, 7603
What are the prime factors of 2498174481?
3, 11, 75702257
List the prime factors of 51232938.
2, 3, 37, 230779
What are the prime factors of 61125113?
7, 8732159
List the prime factors of 131247183.
3, 43749061
List the prime factors of 104064831.
3, 13, 37, 2671
What are the prime factors of 49412057?
37, 1335461
What are the prime factors of 781101552?
2, 3, 7, 11, 19, 227
What are the prime factors of 193269894?
2, 3, 32211649
What are the prime factors of 205657353?
3, 11, 41, 16889
List the prime factors of 70972432.
2, 4435777
What are the prime factors of 532698405?
3, 5, 43, 825889
List the prime factors of 220508797.
23, 31, 309269
List the prime factors of 358240931.
89, 4025179
What are the prime factors of 296393860?
2, 5, 7, 2117099
What are the prime factors of 1753090679?
1753090679
List the prime factors of 252829665.
3, 5, 11, 510767
What are the prime factors of 171841861?
171841861
What are the prime factors of 5458487672?
2, 11, 62028269
What are the prime factors of 23765390?
2, 5, 11, 19, 83, 137
What are the prime factors of 57819121?
57819121
List the prime factors of 51078406.
2, 25539203
List the prime factors of 413854596.
2, 3, 17, 227, 331
What are the prime factors 